{"id":2737,"date":"2015-07-01T23:30:24","date_gmt":"2015-07-01T23:30:24","guid":{"rendered":"http:\/\/zaakistan.com\/wordpress\/?page_id=2737"},"modified":"2015-07-01T23:30:24","modified_gmt":"2015-07-01T23:30:24","slug":"79-join-a-peace-organization","status":"publish","type":"page","link":"http:\/\/zaakistan.com\/dir\/index.php\/121-life-goals\/79-join-a-peace-organization\/","title":{"rendered":"79. Join a Peace Organization"},"content":{"rendered":"<div id=\"id2\" class=\"style_SkipStroke_1 shape-with-text\">\n<div class=\"text-content graphic_textbox_layout_style_default_External_700_38\">\n<div class=\"graphic_textbox_layout_style_default\">\n<p class=\"paragraph_style_1\" style=\"text-align: center;\">Completed January 17, 2000 @ Lacombe, AB<\/p>\n<\/div>\n<\/div>\n<\/div>\n<div id=\"id3\" class=\"style_SkipStroke_1 shape-with-text\">\n<div class=\"text-content style_External_679_208\">\n<div class=\"style\">\n<p class=\"paragraph_style_2\"><img loading=\"lazy\" decoding=\"async\" class=\"alignnone\" src=\"https:\/\/pbs.twimg.com\/profile_images\/503277927912329216\/niWJ1nYD.jpeg\" alt=\"\" width=\"365\" height=\"365\" \/>I decided to join <a class=\"style_1\" title=\"http:\/\/www.amnesty.org\/\" href=\"http:\/\/www.amnesty.org\/\">Amnesty International<\/a>. Founded by British lawyer, the late Peter Benenson, this organization activates people to put pressure on federal governments to allow fair trials of its prisoners, many of which are political prisoners. We as members do several things such as donating money and fundraising, writing letters to political officials, and spreading awareness of social injustice in our communities.<\/p>\n<p class=\"paragraph_style_2\">Here are the first two letters I wrote on behalf of Komlan Edoh and Kodjo Kouni of the nation of Togo to Lloyd Axworthy (Canadian Minister of Foreign Affairs) and to G\u00e9n\u00e9ral Gnassingb\u00e9 Eyad\u00e9ma (Togo). (<a class=\"style_1\" title=\"079_Peace_files\/amnestyletters.pdf\" href=\"http:\/\/zaakistan.com\/dir\/wp-content\/uploads\/2015\/07\/amnestyletters.pdf\">view the .pdf<\/a>)<\/p>\n<p class=\"paragraph_style_2\">I have continued to support Amnesty International financially and fully endorse their causes. I encourage you to become active in the cause of justice for political prisoners and victims of torture and unlawful imprisonment around the world.<\/p>\n<\/div>\n<\/div>\n<\/div>\n","protected":false},"excerpt":{"rendered":"<p>Completed January 17, 2000 @ Lacombe, AB I decided to join Amnesty International. Founded by British lawyer, the late Peter Benenson, this organization activates people to put pressure on federal governments to allow fair trials of its prisoners, many of which are political prisoners. We as members do several things such as donating money and &#8230; <span class=\"more\"><a class=\"more-link\" href=\"http:\/\/zaakistan.com\/dir\/index.php\/121-life-goals\/79-join-a-peace-organization\/\">[Read more&#8230;]<\/a><\/span><\/p>\n","protected":false},"author":1,"featured_media":0,"parent":2235,"menu_order":79,"comment_status":"open","ping_status":"open","template":"","meta":{"footnotes":""},"class_list":["entry","page","publish","author-admin","post-2737"],"_links":{"self":[{"href":"http:\/\/zaakistan.com\/dir\/index.php\/wp-json\/wp\/v2\/pages\/2737","targetHints":{"allow":["GET"]}}],"collection":[{"href":"http:\/\/zaakistan.com\/dir\/index.php\/wp-json\/wp\/v2\/pages"}],"about":[{"href":"http:\/\/zaakistan.com\/dir\/index.php\/wp-json\/wp\/v2\/types\/page"}],"author":[{"embeddable":true,"href":"http:\/\/zaakistan.com\/dir\/index.php\/wp-json\/wp\/v2\/users\/1"}],"replies":[{"embeddable":true,"href":"http:\/\/zaakistan.com\/dir\/index.php\/wp-json\/wp\/v2\/comments?post=2737"}],"version-history":[{"count":0,"href":"http:\/\/zaakistan.com\/dir\/index.php\/wp-json\/wp\/v2\/pages\/2737\/revisions"}],"up":[{"embeddable":true,"href":"http:\/\/zaakistan.com\/dir\/index.php\/wp-json\/wp\/v2\/pages\/2235"}],"wp:attachment":[{"href":"http:\/\/zaakistan.com\/dir\/index.php\/wp-json\/wp\/v2\/media?parent=2737"}],"curies":[{"name":"wp","href":"https:\/\/api.w.org\/{rel}","templated":true}]}}